{"id":73,"date":"2013-05-23T11:54:40","date_gmt":"2013-05-23T09:54:40","guid":{"rendered":"http:\/\/new.rohrblitz24-mv.de\/?page_id=73"},"modified":"2020-07-09T11:35:06","modified_gmt":"2020-07-09T09:35:06","slug":"service-hausverwaltungen","status":"publish","type":"page","link":"https:\/\/www.rohrblitz24-mv.de\/index.php\/service-hausverwaltungen\/","title":{"rendered":"Service Hausverwaltungen"},"content":{"rendered":"<h1>Service f\u00fcr Hausverwaltungen<\/h1>\n<p>Als regional t\u00e4tiges Fachunternehmen im Bereich der Rohrreinigung m\u00f6chten wir Ihnen in diesen Spezialbereich \u2014 aber auch bei vielen anderen Fragen zum Entw\u00e4sserungssystem \u2014 unsere Dienste anbieten.<br \/>\nWir nehmen f\u00fcr uns ein hohes Ma\u00df an Erfahrung, Flexibilit\u00e4t und Schnelligkeit in Anspruch.<\/p>\n<p><strong>Unsere Leistungen umfassen u.a.:<\/strong><\/p>\n<p><strong><span style=\"color: #003399;\">\u00bb<\/span><\/strong> Verstopfungsbeseitigung<br \/>\n<strong><span style=\"color: #003399;\">\u00bb<\/span><\/strong> Reinigung aller Abfluss-Anlagen einschlie\u00dflich Regenleitungen, Dachrinnen und Hofabl\u00e4ufen,<br \/>\n<strong><span style=\"color: #003399;\">\u00bb<\/span><\/strong> TV-Inspektion zur IST-Zustandsanalyse des Entw\u00e4sserungssystems,<br \/>\n<strong><span style=\"color: #003399;\">\u00bb<\/span><\/strong> Erstellen von Rohrleitung- und Grundst\u00fcckspl\u00e4nen f\u00fcr bestehende Altleitungen<br \/>\n(z.B. in sanierungsbed\u00fcrftigen Bauten) auch in 3D,<br \/>\n<strong><span style=\"color: #003399;\">\u00bb<\/span><\/strong> Reinigung aller Grundleitungen und Anschlusskan\u00e4le inkl. Hindernisbeseitigung<br \/>\n<strong><span style=\"color: #003399;\">\u00bb<\/span><\/strong> Verlaufs-, Punkt- und Tiefenortung an allen Abfluss-Rohren und Kan\u00e4len,<br \/>\n<strong><span style=\"color: #003399;\">\u00bb<\/span><\/strong> Dichtheitspr\u00fcfung &#8211; gesetzlich vorgeschrieben<\/p>\n<p>Vereinbaren Sie mit uns eine individuelle Probezeit, und lernen Sie hierdurch unser Unternehmen kennen. Wir legen gro\u00dfen Wert auf langj\u00e4hrige Zusammenarbeit.<\/p>\n","protected":false},"excerpt":{"rendered":"<p>Service f\u00fcr Hausverwaltungen Als regional t\u00e4tiges Fachunternehmen im Bereich der Rohrreinigung m\u00f6chten wir Ihnen in diesen Spezialbereich \u2014 aber auch bei vielen anderen Fragen zum Entw\u00e4sserungssystem \u2014 unsere Dienste anbieten. Wir nehmen f\u00fcr uns ein hohes Ma\u00df an Erfahrung, Flexibilit\u00e4t und Schnelligkeit in Anspruch. Unsere Leistungen umfassen u.a.: \u00bb Verstopfungsbeseitigung \u00bb Reinigung aller Abfluss-Anlagen einschlie\u00dflich [&hellip;]<\/p>\n","protected":false},"author":4,"featured_media":0,"parent":0,"menu_order":0,"comment_status":"closed","ping_status":"closed","template":"","meta":[],"_links":{"self":[{"href":"https:\/\/www.rohrblitz24-mv.de\/index.php\/wp-json\/wp\/v2\/pages\/73"}],"collection":[{"href":"https:\/\/www.rohrblitz24-mv.de\/index.php\/wp-json\/wp\/v2\/pages"}],"about":[{"href":"https:\/\/www.rohrblitz24-mv.de\/index.php\/wp-json\/wp\/v2\/types\/page"}],"author":[{"embeddable":true,"href":"https:\/\/www.rohrblitz24-mv.de\/index.php\/wp-json\/wp\/v2\/users\/4"}],"replies":[{"embeddable":true,"href":"https:\/\/www.rohrblitz24-mv.de\/index.php\/wp-json\/wp\/v2\/comments?post=73"}],"version-history":[{"count":2,"href":"https:\/\/www.rohrblitz24-mv.de\/index.php\/wp-json\/wp\/v2\/pages\/73\/revisions"}],"predecessor-version":[{"id":358,"href":"https:\/\/www.rohrblitz24-mv.de\/index.php\/wp-json\/wp\/v2\/pages\/73\/revisions\/358"}],"wp:attachment":[{"href":"https:\/\/www.rohrblitz24-mv.de\/index.php\/wp-json\/wp\/v2\/media?parent=73"}],"curies":[{"name":"wp","href":"https:\/\/api.w.org\/{rel}","templated":true}]}}